{"id":5293,"date":"2023-07-04T20:33:12","date_gmt":"2023-07-05T06:33:12","guid":{"rendered":"https:\/\/foreveryoung.gov.pf\/offre-d-emploi\/accompagnant-educatif-et-social-accompagnante-educative-et-sociale-en-structure-collective\/"},"modified":"2023-07-04T20:33:12","modified_gmt":"2023-07-05T06:33:12","slug":"accompagnant-educatif-et-social-accompagnante-educative-et-sociale-en-structure-collective","status":"publish","type":"offre-d-emploi","link":"https:\/\/foreveryoung.gov.pf\/en\/offre-d-emploi\/accompagnant-educatif-et-social-accompagnante-educative-et-sociale-en-structure-collective\/","title":{"rendered":"Accompagnant \u00e9ducatif et social \/ Accompagnante \u00e9ducative et sociale en structure collective"},"content":{"rendered":"<div class=\"dpdj-offre-source-text\">Source : <a href=\"https:\/\/www.sefi.pf\/SefiWeb\/SefiOffres.nsf\/vOffresNouvelles?OpenView\">Service de l&#8217;Emploi<\/a><\/div>\n<div class=\"dpdj-offre-coderome\"><strong>Code ROME <\/strong>K1301140948 <\/div>\n<div class=\"dpdj-offre-ile\"><strong>Ile <\/strong> TAHITI <\/div>\n<div class=\"dpdj-offre-def\"><strong>D\u00e9finition du poste  <\/strong> L&#8217; ACCOMPAGNANT EDUCATIF ET SOCIAL \/ RESPONSABLE EDUCATIF F\/H<br \/>\nest charg\u00e9 de coordonner l&#8217;\u00e9quipe \u00e9ducative par d\u00e9l\u00e9gation pr\u00e9cise et limit\u00e9e de missions et d&#8217;aider \u00e0 l&#8217;\u00e9laboration et \u00e0 la mise en \u0153uvre de projets de vie qui concourent \u00e0 l&#8217;\u00e9ducation et au soutien des personnes en situation de handicap dont l&#8217;IIME \u00e0 la charge. <\/div>\n<div class=\"dpdj-offre-dateeffet\"><strong>Date d&#8217;effet <\/strong>04\/07\/2023 <\/div>\n<div class=\"dpdj-offre-typeposte\"><strong>Type de poste <\/strong>Remplacement <\/div>\n<div class=\"dpdj-offre-nbposte\"><strong>Nb de poste(s) \u00e0 pourvoir <\/strong> 1 <\/div>\n<div class=\"dpdj-offre-cond\"><strong>Conditions <\/strong>FORMATIONS &amp; COMPETENCES :<br \/>\n&#8211; DEES \u00e9ducateur sp\u00e9cialis\u00e9 EXIGE<br \/>\n&#8211; Exp\u00e9rience souhait\u00e9e 1 an<br \/>\n-Disponibilit\u00e9<br \/>\n-Respect absolu de la confidentialit\u00e9<br \/>\n-D\u00e9placements fr\u00e9quents<br \/>\n-Poste temps plein 39h<br \/>\n-Prise des cong\u00e9s pr\u00e9d\u00e9finie <\/div>\n<div class=\"dpdj-offre-rec\"><strong>Recrutement <\/strong>NON IMMEDIAT <\/div>\n<div class=\"dpdj-offre-link\"><a href=\"https:\/\/www.sefi.pf\/SefiWeb\/SefiOffres.nsf\/vOffreWeb\/F550D3BDB9BD68EE0A2589E200747676?OpenDocument\">Pour en savoir plus, cliquer ici pour lire les d\u00e9tails sur le site du Service de l&#8217;Emploi<\/a><\/div>\n","protected":false},"excerpt":{"rendered":"<p>Source : Service de l&#8217;Emploi Code ROME K1301140948 Ile TAHITI D\u00e9finition du poste L&#8217; ACCOMPAGNANT EDUCATIF ET SOCIAL \/ RESPONSABLE EDUCATIF F\/H est charg\u00e9 de coordonner l&#8217;\u00e9quipe \u00e9ducative par d\u00e9l\u00e9gation pr\u00e9cise et limit\u00e9e de missions et d&#8217;aider \u00e0 l&#8217;\u00e9laboration et \u00e0 la mise en \u0153uvre de projets de vie qui concourent \u00e0 l&#8217;\u00e9ducation et au [&hellip;]<\/p>\n","protected":false},"featured_media":0,"parent":0,"menu_order":0,"template":"","class_list":["post-5293","offre-d-emploi","type-offre-d-emploi","status-publish","hentry","has-post-title","has-post-date","has-post-category","has-post-tag","has-post-comment","has-post-author",""],"aioseo_notices":[],"ptb_metabox":[],"ptb_taxonomy":[],"ptb_featured_image":null,"builder_content":"","_links":{"self":[{"href":"https:\/\/foreveryoung.gov.pf\/en\/wp-json\/wp\/v2\/offre-d-emploi\/5293","targetHints":{"allow":["GET"]}}],"collection":[{"href":"https:\/\/foreveryoung.gov.pf\/en\/wp-json\/wp\/v2\/offre-d-emploi"}],"about":[{"href":"https:\/\/foreveryoung.gov.pf\/en\/wp-json\/wp\/v2\/types\/offre-d-emploi"}],"wp:attachment":[{"href":"https:\/\/foreveryoung.gov.pf\/en\/wp-json\/wp\/v2\/media?parent=5293"}],"curies":[{"name":"wp","href":"https:\/\/api.w.org\/{rel}","templated":true}]}}

Accompagnant éducatif et social / Accompagnante éducative et sociale en structure collective

<div class="dpdj-offre-source-text">Source : <a href="https://www.sefi.pf/SefiWeb/SefiOffres.nsf/vOffresNouvelles?OpenView">Service de l&#8217;Emploi</a></div>
<div class="dpdj-offre-coderome"><strong>Code ROME </strong>K1301140948 </div>
<div class="dpdj-offre-ile"><strong>Ile </strong> TAHITI </div>
<div class="dpdj-offre-def"><strong>Définition du poste  </strong> L&#8217; ACCOMPAGNANT EDUCATIF ET SOCIAL / RESPONSABLE EDUCATIF F/H<br />
est chargé de coordonner l&#8217;équipe éducative par délégation précise et limitée de missions et d&#8217;aider à l&#8217;élaboration et à la mise en œuvre de projets de vie qui concourent à l&#8217;éducation et au soutien des personnes en situation de handicap dont l&#8217;IIME à la charge. </div>
<div class="dpdj-offre-dateeffet"><strong>Date d&#8217;effet </strong>04/07/2023 </div>
<div class="dpdj-offre-typeposte"><strong>Type de poste </strong>Remplacement </div>
<div class="dpdj-offre-nbposte"><strong>Nb de poste(s) à pourvoir </strong> 1 </div>
<div class="dpdj-offre-cond"><strong>Conditions </strong>FORMATIONS &amp; COMPETENCES :<br />
&#8211; DEES éducateur spécialisé EXIGE<br />
&#8211; Expérience souhaitée 1 an<br />
-Disponibilité<br />
-Respect absolu de la confidentialité<br />
-Déplacements fréquents<br />
-Poste temps plein 39h<br />
-Prise des congés prédéfinie </div>
<div class="dpdj-offre-rec"><strong>Recrutement </strong>NON IMMEDIAT </div>
<div class="dpdj-offre-link"><a href="https://www.sefi.pf/SefiWeb/SefiOffres.nsf/vOffreWeb/F550D3BDB9BD68EE0A2589E200747676?OpenDocument">Pour en savoir plus, cliquer ici pour lire les détails sur le site du Service de l&#8217;Emploi</a></div>

<p>Source : Service de l&#8217;Emploi Code ROME K1301140948 Ile TAHITI Définition du poste L&#8217; ACCOMPAGNANT EDUCATIF ET SOCIAL / RESPONSABLE EDUCATIF F/H est chargé de coordonner l&#8217;équipe éducative par délégation précise et limitée de missions et d&#8217;aider à l&#8217;élaboration et à la mise en œuvre de projets de vie qui concourent à l&#8217;éducation et au [&hellip;]</p>
