{"id":4030,"date":"2023-05-07T09:43:25","date_gmt":"2023-05-07T19:43:25","guid":{"rendered":"https:\/\/foreveryoung.gov.pf\/offre-d-emploi\/chef-de-projet-multimedia\/"},"modified":"2023-05-07T09:43:25","modified_gmt":"2023-05-07T19:43:25","slug":"chef-de-projet-multimedia","status":"publish","type":"offre-d-emploi","link":"https:\/\/foreveryoung.gov.pf\/en\/offre-d-emploi\/chef-de-projet-multimedia\/","title":{"rendered":"Chef de projet multim\u00e9dia"},"content":{"rendered":"<div class=\"dpdj-offre-source-text\">Source : <a href=\"https:\/\/www.sefi.pf\/SefiWeb\/SefiOffres.nsf\/vOffresNouvelles?OpenView\">Service de l&#8217;Emploi<\/a><\/div>\n<div class=\"dpdj-offre-coderome\"><strong>Code ROME <\/strong>M180312253 <\/div>\n<div class=\"dpdj-offre-ile\"><strong>Ile <\/strong> TAHITI <\/div>\n<div class=\"dpdj-offre-def\"><strong>D\u00e9finition du poste  <\/strong> #Prox-i, agence de communication leader sur le march\u00e9 polyn\u00e9sien, est \u00e0 la recherche d&#8217;un(e) Chef de projet en communication\/multimedia pour rejoindre son \u00e9quipe de talents.<\/p>\n<p>En tant que chef de projet en communication, vous serez responsable de la gestion de projets de communication pour nos clients, de la conception \u00e0 la mise en \u0153uvre. Nous recherchons un candidat, dynamique et pro-actif, avec une bonne connaissance de l&#8217;univers polyn\u00e9sien et qui ne craint pas de repousser ses limites pour offrir un service de qualit\u00e9 aux clients.<\/p>\n<p>Objectif du poste :<br \/>\nLe Chef de projet en communication sera responsable de la gestion de projets de communication pour nos clients, de la conception \u00e0 la mise en \u0153uvre. Il\/Elle aura pour objectif de fournir un service de qualit\u00e9 \u00e0 nos clients, en respectant les d\u00e9lais et les budgets impartis, tout en travaillant en \u00e9troite collaboration avec l&#8217;\u00e9quipe cr\u00e9ative et le service client.<\/p><\/div>\n<div class=\"dpdj-offre-dateeffet\"><strong>Date d&#8217;effet <\/strong>05\/05\/2023 <\/div>\n<div class=\"dpdj-offre-typeposte\"><strong>Type de poste <\/strong>Cr\u00e9ation <\/div>\n<div class=\"dpdj-offre-nbposte\"><strong>Nb de poste(s) \u00e0 pourvoir <\/strong> 1 <\/div>\n<div class=\"dpdj-offre-cond\"><strong>Conditions <\/strong>Principales responsabilit\u00e9s :<br \/>\n&#8211; Gestion de projets de communication pour nos clients, de la conception \u00e0 la mise en \u0153uvre.<br \/>\n&#8211; \u00c9laboration de plans de communication complets, en collaboration avec l&#8217;\u00e9quipe cr\u00e9ative et le service client<br \/>\n&#8211; Coordination de l&#8217;\u00e9quipe cr\u00e9ative pour la production de contenus cr\u00e9atifs de qualit\u00e9.<br \/>\n&#8211; Coordination avec les fournisseurs externes pour la production de supports de communication (imprim\u00e9s, audiovisuels, etc.).<br \/>\n&#8211; Gestion des budgets et des d\u00e9lais de chaque projet.<br \/>\n&#8211; \u00catre le point de contact principal pour les clients pendant toute la dur\u00e9e du projet<br \/>\n&#8211; Faire preuve de cr\u00e9ativit\u00e9 et d&#8217;innovation dans la conception des projets de communication<br \/>\n&#8211; \u00catre en veille constante sur les tendances et les \u00e9volutions du march\u00e9 de la communication<br \/>\n&#8211; Assurer des reporting r\u00e9guliers \u00e0 l\u2019\u00e9quipe de direction<\/p>\n<p>Qualifications et comp\u00e9tences requises :<br \/>\n-Dipl\u00f4me Master en \u00c9cole de Commerce (un MSc en marketing, marketing num\u00e9rique ou communication peut \u00eatre un plus)<br \/>\n-Exp\u00e9rience professionnelle de 3 ans minimum en gestion de projets, en agence de communication ou de publicit\u00e9 imp\u00e9rativement.<br \/>\n-Maitrise parfaite du fran\u00e7ais et niveau anglais C1 minimum.<br \/>\n-Bonne culture num\u00e9rique et int\u00e9r\u00eat pour les tendances et les innovations<br \/>\n-Comp\u00e9tences en communication, \u00e0 l&#8217;\u00e9crit comme \u00e0 l&#8217;oral, en fran\u00e7ais et en anglais<br \/>\n-Ma\u00eetrise des outils informatiques de communication et des r\u00e9seaux sociaux<br \/>\n-Connaissance de l&#8217;univers polyn\u00e9sien et de ses particularit\u00e9s culturelles<br \/>\n-Capacit\u00e9 d&#8217;organisation et de gestion de projets, avec une excellente ma\u00eetrise des d\u00e9lais et des budgets<br \/>\n-Capacit\u00e9 \u00e0 travailler en \u00e9quipe, \u00e0 communiquer efficacement et \u00e0 r\u00e9soudre les probl\u00e8mes<br \/>\n-Sens de l&#8217;innovation et de la cr\u00e9ativit\u00e9, avec une capacit\u00e9 \u00e0 penser hors des sentiers battus\n <\/p><\/div>\n<div class=\"dpdj-offre-rec\"><strong>Recrutement <\/strong>URGENT <\/div>\n<div class=\"dpdj-offre-link\"><a href=\"https:\/\/www.sefi.pf\/SefiWeb\/SefiOffres.nsf\/vOffreWeb\/CA5AB78F641E959C0A2589A600830E2A?OpenDocument\">Pour en savoir plus, cliquer ici pour lire les d\u00e9tails sur le site du Service de l&#8217;Emploi<\/a><\/div>\n","protected":false},"excerpt":{"rendered":"<p>Source : Service de l&#8217;Emploi Code ROME M180312253 Ile TAHITI D\u00e9finition du poste #Prox-i, agence de communication leader sur le march\u00e9 polyn\u00e9sien, est \u00e0 la recherche d&#8217;un(e) Chef de projet en communication\/multimedia pour rejoindre son \u00e9quipe de talents. En tant que chef de projet en communication, vous serez responsable de la gestion de projets de [&hellip;]<\/p>\n","protected":false},"featured_media":0,"parent":0,"menu_order":0,"template":"","class_list":["post-4030","offre-d-emploi","type-offre-d-emploi","status-publish","hentry","has-post-title","has-post-date","has-post-category","has-post-tag","has-post-comment","has-post-author",""],"aioseo_notices":[],"ptb_metabox":[],"ptb_taxonomy":[],"ptb_featured_image":null,"builder_content":"","_links":{"self":[{"href":"https:\/\/foreveryoung.gov.pf\/en\/wp-json\/wp\/v2\/offre-d-emploi\/4030","targetHints":{"allow":["GET"]}}],"collection":[{"href":"https:\/\/foreveryoung.gov.pf\/en\/wp-json\/wp\/v2\/offre-d-emploi"}],"about":[{"href":"https:\/\/foreveryoung.gov.pf\/en\/wp-json\/wp\/v2\/types\/offre-d-emploi"}],"wp:attachment":[{"href":"https:\/\/foreveryoung.gov.pf\/en\/wp-json\/wp\/v2\/media?parent=4030"}],"curies":[{"name":"wp","href":"https:\/\/api.w.org\/{rel}","templated":true}]}}

Chef de projet multimédia

<div class="dpdj-offre-source-text">Source : <a href="https://www.sefi.pf/SefiWeb/SefiOffres.nsf/vOffresNouvelles?OpenView">Service de l&#8217;Emploi</a></div>
<div class="dpdj-offre-coderome"><strong>Code ROME </strong>M180312253 </div>
<div class="dpdj-offre-ile"><strong>Ile </strong> TAHITI </div>
<div class="dpdj-offre-def"><strong>Définition du poste  </strong> #Prox-i, agence de communication leader sur le marché polynésien, est à la recherche d&#8217;un(e) Chef de projet en communication/multimedia pour rejoindre son équipe de talents.</p>
<p>En tant que chef de projet en communication, vous serez responsable de la gestion de projets de communication pour nos clients, de la conception à la mise en œuvre. Nous recherchons un candidat, dynamique et pro-actif, avec une bonne connaissance de l&#8217;univers polynésien et qui ne craint pas de repousser ses limites pour offrir un service de qualité aux clients.</p>
<p>Objectif du poste :<br />
Le Chef de projet en communication sera responsable de la gestion de projets de communication pour nos clients, de la conception à la mise en œuvre. Il/Elle aura pour objectif de fournir un service de qualité à nos clients, en respectant les délais et les budgets impartis, tout en travaillant en étroite collaboration avec l&#8217;équipe créative et le service client.</p></div>
<div class="dpdj-offre-dateeffet"><strong>Date d&#8217;effet </strong>05/05/2023 </div>
<div class="dpdj-offre-typeposte"><strong>Type de poste </strong>Création </div>
<div class="dpdj-offre-nbposte"><strong>Nb de poste(s) à pourvoir </strong> 1 </div>
<div class="dpdj-offre-cond"><strong>Conditions </strong>Principales responsabilités :<br />
&#8211; Gestion de projets de communication pour nos clients, de la conception à la mise en œuvre.<br />
&#8211; Élaboration de plans de communication complets, en collaboration avec l&#8217;équipe créative et le service client<br />
&#8211; Coordination de l&#8217;équipe créative pour la production de contenus créatifs de qualité.<br />
&#8211; Coordination avec les fournisseurs externes pour la production de supports de communication (imprimés, audiovisuels, etc.).<br />
&#8211; Gestion des budgets et des délais de chaque projet.<br />
&#8211; Être le point de contact principal pour les clients pendant toute la durée du projet<br />
&#8211; Faire preuve de créativité et d&#8217;innovation dans la conception des projets de communication<br />
&#8211; Être en veille constante sur les tendances et les évolutions du marché de la communication<br />
&#8211; Assurer des reporting réguliers à l’équipe de direction</p>
<p>Qualifications et compétences requises :<br />
-Diplôme Master en École de Commerce (un MSc en marketing, marketing numérique ou communication peut être un plus)<br />
-Expérience professionnelle de 3 ans minimum en gestion de projets, en agence de communication ou de publicité impérativement.<br />
-Maitrise parfaite du français et niveau anglais C1 minimum.<br />
-Bonne culture numérique et intérêt pour les tendances et les innovations<br />
-Compétences en communication, à l&#8217;écrit comme à l&#8217;oral, en français et en anglais<br />
-Maîtrise des outils informatiques de communication et des réseaux sociaux<br />
-Connaissance de l&#8217;univers polynésien et de ses particularités culturelles<br />
-Capacité d&#8217;organisation et de gestion de projets, avec une excellente maîtrise des délais et des budgets<br />
-Capacité à travailler en équipe, à communiquer efficacement et à résoudre les problèmes<br />
-Sens de l&#8217;innovation et de la créativité, avec une capacité à penser hors des sentiers battus
 </p></div>
<div class="dpdj-offre-rec"><strong>Recrutement </strong>URGENT </div>
<div class="dpdj-offre-link"><a href="https://www.sefi.pf/SefiWeb/SefiOffres.nsf/vOffreWeb/CA5AB78F641E959C0A2589A600830E2A?OpenDocument">Pour en savoir plus, cliquer ici pour lire les détails sur le site du Service de l&#8217;Emploi</a></div>

<p>Source : Service de l&#8217;Emploi Code ROME M180312253 Ile TAHITI Définition du poste #Prox-i, agence de communication leader sur le marché polynésien, est à la recherche d&#8217;un(e) Chef de projet en communication/multimedia pour rejoindre son équipe de talents. En tant que chef de projet en communication, vous serez responsable de la gestion de projets de [&hellip;]</p>
