{"id":4002,"date":"2023-04-22T16:52:30","date_gmt":"2023-04-23T02:52:30","guid":{"rendered":"https:\/\/foreveryoung.gov.pf\/offre-d-emploi\/chef-de-service-socioeducatif\/"},"modified":"2023-04-22T16:52:30","modified_gmt":"2023-04-23T02:52:30","slug":"chef-de-service-socioeducatif","status":"publish","type":"offre-d-emploi","link":"https:\/\/foreveryoung.gov.pf\/en\/offre-d-emploi\/chef-de-service-socioeducatif\/","title":{"rendered":"Chef de service socio\u00e9ducatif"},"content":{"rendered":"<div class=\"dpdj-offre-source-text\">Source : <a href=\"https:\/\/www.sefi.pf\/SefiWeb\/SefiOffres.nsf\/vOffresNouvelles?OpenView\">Service de l&#8217;Emploi<\/a><\/div>\n<div class=\"dpdj-offre-coderome\"><strong>Code ROME <\/strong>K140338657 <\/div>\n<div class=\"dpdj-offre-ile\"><strong>Ile <\/strong> TAHITI <\/div>\n<div class=\"dpdj-offre-def\"><strong>D\u00e9finition du poste  <\/strong> Le Chef de projet socio-\u00e9ducatif est un relais entre la direction et les \u00e9quipes socio-\u00e9ducatives (agriculture\/p\u00eache, animation\/loisirs, couture\/artisanat et vente\/solidarit\u00e9), il joue un r\u00f4le d\u2019interface. Il a pour mission principale le pilotage et la mise en \u0153uvre du Projet \u00c9ducatif Local<br \/>\net des actions socio-\u00e9ducative de l\u2019association comprenant les actions du P\u00e9riscolaire, du Jeune en Action, du Centre de Vacances et de Loisirs en Accueil Collectif de Mineur (ACM), le Week-end Educatif en Internat (WEI) et le Programme Loisirs \u00c9ducation en Internat (PLEI).<br \/>\nIl encadre les \u00e9quipes et coordonne les actions socio-\u00e9ducatives directement engag\u00e9es aupr\u00e8s des personnes accueillies.<br \/>\nIl planifie, coordonne et suit l\u2019\u00e9volution du Projet \u00c9ducatif Local de l\u2019association de fa\u00e7on \u00e0 atteindre les objectifs<br \/>\n\u00e9tablis <\/div>\n<div class=\"dpdj-offre-dateeffet\"><strong>Date d&#8217;effet <\/strong>21\/04\/2023 <\/div>\n<div class=\"dpdj-offre-typeposte\"><strong>Type de poste <\/strong>Cr\u00e9ation <\/div>\n<div class=\"dpdj-offre-nbposte\"><strong>Nb de poste(s) \u00e0 pourvoir <\/strong> 1 <\/div>\n<div class=\"dpdj-offre-cond\"><strong>Conditions <\/strong>Pilotage et mise en \u0153uvre du Projet \u00c9ducatif Local et des actions socio-\u00e9ducative de l\u2019association<br \/>\n\u2022 Encadrement d\u2019\u00e9quipe et gestion des ressources humaines<br \/>\n\u2022 Suivi administrative et budg\u00e9taire<br \/>\n\u2022 Communication interne et animation<br \/>\n\u2022 Planification, coordination et suivi de l\u2019\u00e9volution du Projet \u00c9ducatif Local de l\u2019association<br \/>\n\u2022 Partenariat et projets transversaux<br \/>\n\u2022 Relations et communication de proximit\u00e9 <\/div>\n<div class=\"dpdj-offre-rec\"><strong>Recrutement <\/strong>URGENT <\/div>\n<div class=\"dpdj-offre-link\"><a href=\"https:\/\/www.sefi.pf\/SefiWeb\/SefiOffres.nsf\/vOffreWeb\/CAE7701ED3408BB20A25899700645A0A?OpenDocument\">Pour en savoir plus, cliquer ici pour lire les d\u00e9tails sur le site du Service de l&#8217;Emploi<\/a><\/div>\n","protected":false},"excerpt":{"rendered":"<p>Source : Service de l&#8217;Emploi Code ROME K140338657 Ile TAHITI D\u00e9finition du poste Le Chef de projet socio-\u00e9ducatif est un relais entre la direction et les \u00e9quipes socio-\u00e9ducatives (agriculture\/p\u00eache, animation\/loisirs, couture\/artisanat et vente\/solidarit\u00e9), il joue un r\u00f4le d\u2019interface. Il a pour mission principale le pilotage et la mise en \u0153uvre du Projet \u00c9ducatif Local et [&hellip;]<\/p>\n","protected":false},"featured_media":0,"parent":0,"menu_order":0,"template":"","class_list":["post-4002","offre-d-emploi","type-offre-d-emploi","status-publish","hentry","has-post-title","has-post-date","has-post-category","has-post-tag","has-post-comment","has-post-author",""],"aioseo_notices":[],"ptb_metabox":[],"ptb_taxonomy":[],"ptb_featured_image":null,"builder_content":"","_links":{"self":[{"href":"https:\/\/foreveryoung.gov.pf\/en\/wp-json\/wp\/v2\/offre-d-emploi\/4002","targetHints":{"allow":["GET"]}}],"collection":[{"href":"https:\/\/foreveryoung.gov.pf\/en\/wp-json\/wp\/v2\/offre-d-emploi"}],"about":[{"href":"https:\/\/foreveryoung.gov.pf\/en\/wp-json\/wp\/v2\/types\/offre-d-emploi"}],"wp:attachment":[{"href":"https:\/\/foreveryoung.gov.pf\/en\/wp-json\/wp\/v2\/media?parent=4002"}],"curies":[{"name":"wp","href":"https:\/\/api.w.org\/{rel}","templated":true}]}}

Chef de service socioéducatif

<div class="dpdj-offre-source-text">Source : <a href="https://www.sefi.pf/SefiWeb/SefiOffres.nsf/vOffresNouvelles?OpenView">Service de l&#8217;Emploi</a></div>
<div class="dpdj-offre-coderome"><strong>Code ROME </strong>K140338657 </div>
<div class="dpdj-offre-ile"><strong>Ile </strong> TAHITI </div>
<div class="dpdj-offre-def"><strong>Définition du poste  </strong> Le Chef de projet socio-éducatif est un relais entre la direction et les équipes socio-éducatives (agriculture/pêche, animation/loisirs, couture/artisanat et vente/solidarité), il joue un rôle d’interface. Il a pour mission principale le pilotage et la mise en œuvre du Projet Éducatif Local<br />
et des actions socio-éducative de l’association comprenant les actions du Périscolaire, du Jeune en Action, du Centre de Vacances et de Loisirs en Accueil Collectif de Mineur (ACM), le Week-end Educatif en Internat (WEI) et le Programme Loisirs Éducation en Internat (PLEI).<br />
Il encadre les équipes et coordonne les actions socio-éducatives directement engagées auprès des personnes accueillies.<br />
Il planifie, coordonne et suit l’évolution du Projet Éducatif Local de l’association de façon à atteindre les objectifs<br />
établis </div>
<div class="dpdj-offre-dateeffet"><strong>Date d&#8217;effet </strong>21/04/2023 </div>
<div class="dpdj-offre-typeposte"><strong>Type de poste </strong>Création </div>
<div class="dpdj-offre-nbposte"><strong>Nb de poste(s) à pourvoir </strong> 1 </div>
<div class="dpdj-offre-cond"><strong>Conditions </strong>Pilotage et mise en œuvre du Projet Éducatif Local et des actions socio-éducative de l’association<br />
• Encadrement d’équipe et gestion des ressources humaines<br />
• Suivi administrative et budgétaire<br />
• Communication interne et animation<br />
• Planification, coordination et suivi de l’évolution du Projet Éducatif Local de l’association<br />
• Partenariat et projets transversaux<br />
• Relations et communication de proximité </div>
<div class="dpdj-offre-rec"><strong>Recrutement </strong>URGENT </div>
<div class="dpdj-offre-link"><a href="https://www.sefi.pf/SefiWeb/SefiOffres.nsf/vOffreWeb/CAE7701ED3408BB20A25899700645A0A?OpenDocument">Pour en savoir plus, cliquer ici pour lire les détails sur le site du Service de l&#8217;Emploi</a></div>

<p>Source : Service de l&#8217;Emploi Code ROME K140338657 Ile TAHITI Définition du poste Le Chef de projet socio-éducatif est un relais entre la direction et les équipes socio-éducatives (agriculture/pêche, animation/loisirs, couture/artisanat et vente/solidarité), il joue un rôle d’interface. Il a pour mission principale le pilotage et la mise en œuvre du Projet Éducatif Local et [&hellip;]</p>
