{"id":3143,"date":"2023-03-01T18:21:19","date_gmt":"2023-03-02T04:21:19","guid":{"rendered":"https:\/\/foreveryoung.gov.pf\/offre-d-emploi\/charge-chargee-de-projet-et-de-developpement-territorial\/"},"modified":"2023-03-01T18:21:19","modified_gmt":"2023-03-02T04:21:19","slug":"charge-chargee-de-projet-et-de-developpement-territorial","status":"publish","type":"offre-d-emploi","link":"https:\/\/foreveryoung.gov.pf\/en\/offre-d-emploi\/charge-chargee-de-projet-et-de-developpement-territorial\/","title":{"rendered":"Charg\u00e9 \/ Charg\u00e9e de projet et de d\u00e9veloppement territorial"},"content":{"rendered":"<div class=\"dpdj-offre-source-text\">Source : <a href=\"https:\/\/www.sefi.pf\/SefiWeb\/SefiOffres.nsf\/vOffresNouvelles?OpenView\">Service de l&#8217;Emploi<\/a><\/div>\n<div class=\"dpdj-offre-coderome\"><strong>Code ROME <\/strong>K140411848 <\/div>\n<div class=\"dpdj-offre-ile\"><strong>Ile <\/strong> TAHITI <\/div>\n<div class=\"dpdj-offre-def\"><strong>D\u00e9finition du poste  <\/strong> Recherche un(e) Coordinateur \/ Coordinatrice du pilotage de la politique de l&#8217;eau<br \/>\nLe\/La Charg\u00e9 \/ Charg\u00e9e de projet et de d\u00e9veloppement territorial met en place, anime et coordonne la politique de l&#8217;eau, g\u00e8re les t\u00e2ches administratives n\u00e9cessaires \u00e0 la mise en \u0153uvre des plans d&#8217;actions et des outils d&#8217;\u00e9valuation dans ses dimensions politiques, organisationnelles et financi\u00e8res.<br \/>\nMissions principales :<br \/>\n-Elaborer les bilans annuels d&#8217;avancement de la Politique de l&#8217;eau ;<br \/>\n-Mettre \u00e0 jour les documents constituant la Politique de l&#8217;eau ;<br \/>\n-Suivre la performance et l&#8217;ex\u00e9cution du plan d&#8217;actions de la Politique de l&#8217;eau ;<br \/>\n-Assurer le suivi de la mise en \u0153uvre de la Politique de l&#8217;eau et consolider les outils de suivi<br \/>\n-Organiser et animer les r\u00e9unions des instances de gestion technique et de mise en \u0153uvre<br \/>\n-Organiser et Animer les r\u00e9unions du comit\u00e9 de pilotage avec les \u00e9l\u00e9ments techniques fournis par les services techniques (1 r\u00e9union annuelle du COPIL)<br \/>\n-Piloter le suivi et la consolidation des outils de suivi de la mise en \u0153uvre de la Politique de l&#8217;eau;<br \/>\n-Proposer et mettre en \u0153uvre toutes actions n\u00e9cessaires pour assurer la coh\u00e9rence de l&#8217;action publique<br \/>\n-Proposer et mettre en \u0153uvre toutes actions de communication et de sensibilisation \u00e0 la Politique de l&#8217;eau permettant l&#8217;implication des acteurs, et la visibilit\u00e9 de la politique<br \/>\n-Assurer toutes t\u00e2ches administratives relevant de la mise en \u0153uvre de l&#8217;outil de financement europ\u00e9en, \u00e0 compter de l&#8217;officialisation de la convention de financement jusqu&#8217;aux phases d&#8217;\u00e9valuation et audits  <\/div>\n<div class=\"dpdj-offre-dateeffet\"><strong>Date d&#8217;effet <\/strong>01\/03\/2023 <\/div>\n<div class=\"dpdj-offre-typeposte\"><strong>Type de poste <\/strong>Cr\u00e9ation <\/div>\n<div class=\"dpdj-offre-nbposte\"><strong>Nb de poste(s) \u00e0 pourvoir <\/strong> 1 <\/div>\n<div class=\"dpdj-offre-cond\"><strong>Conditions <\/strong>Profil recherch\u00e9 :<br \/>\n&#8211; Titulaire d&#8217;un BAC+5 dans les domaines des sciences politiques, coop\u00e9ration et d\u00e9veloppement et de gestion administrative<br \/>\n&#8211; Exp\u00e9rience professionnelle demand\u00e9e : gestion budg\u00e9taire\n <\/div>\n<div class=\"dpdj-offre-rec\"><strong>Recrutement <\/strong>URGENT <\/div>\n<div class=\"dpdj-offre-link\"><a href=\"https:\/\/www.sefi.pf\/SefiWeb\/SefiOffres.nsf\/vOffreWeb\/2A621782299FD9270A258965007ED178?OpenDocument\">Pour en savoir plus, cliquer ici pour lire les d\u00e9tails sur le site du Service de l&#8217;Emploi<\/a><\/div>\n","protected":false},"excerpt":{"rendered":"<p>Source : Service de l&#8217;Emploi Code ROME K140411848 Ile TAHITI D\u00e9finition du poste Recherche un(e) Coordinateur \/ Coordinatrice du pilotage de la politique de l&#8217;eau Le\/La Charg\u00e9 \/ Charg\u00e9e de projet et de d\u00e9veloppement territorial met en place, anime et coordonne la politique de l&#8217;eau, g\u00e8re les t\u00e2ches administratives n\u00e9cessaires \u00e0 la mise en \u0153uvre [&hellip;]<\/p>\n","protected":false},"featured_media":0,"parent":0,"menu_order":0,"template":"","class_list":["post-3143","offre-d-emploi","type-offre-d-emploi","status-publish","hentry","has-post-title","has-post-date","has-post-category","has-post-tag","has-post-comment","has-post-author",""],"aioseo_notices":[],"ptb_metabox":[],"ptb_taxonomy":[],"ptb_featured_image":null,"builder_content":"","_links":{"self":[{"href":"https:\/\/foreveryoung.gov.pf\/en\/wp-json\/wp\/v2\/offre-d-emploi\/3143","targetHints":{"allow":["GET"]}}],"collection":[{"href":"https:\/\/foreveryoung.gov.pf\/en\/wp-json\/wp\/v2\/offre-d-emploi"}],"about":[{"href":"https:\/\/foreveryoung.gov.pf\/en\/wp-json\/wp\/v2\/types\/offre-d-emploi"}],"wp:attachment":[{"href":"https:\/\/foreveryoung.gov.pf\/en\/wp-json\/wp\/v2\/media?parent=3143"}],"curies":[{"name":"wp","href":"https:\/\/api.w.org\/{rel}","templated":true}]}}

Chargé / Chargée de projet et de développement territorial

<div class="dpdj-offre-source-text">Source : <a href="https://www.sefi.pf/SefiWeb/SefiOffres.nsf/vOffresNouvelles?OpenView">Service de l&#8217;Emploi</a></div>
<div class="dpdj-offre-coderome"><strong>Code ROME </strong>K140411848 </div>
<div class="dpdj-offre-ile"><strong>Ile </strong> TAHITI </div>
<div class="dpdj-offre-def"><strong>Définition du poste  </strong> Recherche un(e) Coordinateur / Coordinatrice du pilotage de la politique de l&#8217;eau<br />
Le/La Chargé / Chargée de projet et de développement territorial met en place, anime et coordonne la politique de l&#8217;eau, gère les tâches administratives nécessaires à la mise en œuvre des plans d&#8217;actions et des outils d&#8217;évaluation dans ses dimensions politiques, organisationnelles et financières.<br />
Missions principales :<br />
-Elaborer les bilans annuels d&#8217;avancement de la Politique de l&#8217;eau ;<br />
-Mettre à jour les documents constituant la Politique de l&#8217;eau ;<br />
-Suivre la performance et l&#8217;exécution du plan d&#8217;actions de la Politique de l&#8217;eau ;<br />
-Assurer le suivi de la mise en œuvre de la Politique de l&#8217;eau et consolider les outils de suivi<br />
-Organiser et animer les réunions des instances de gestion technique et de mise en œuvre<br />
-Organiser et Animer les réunions du comité de pilotage avec les éléments techniques fournis par les services techniques (1 réunion annuelle du COPIL)<br />
-Piloter le suivi et la consolidation des outils de suivi de la mise en œuvre de la Politique de l&#8217;eau;<br />
-Proposer et mettre en œuvre toutes actions nécessaires pour assurer la cohérence de l&#8217;action publique<br />
-Proposer et mettre en œuvre toutes actions de communication et de sensibilisation à la Politique de l&#8217;eau permettant l&#8217;implication des acteurs, et la visibilité de la politique<br />
-Assurer toutes tâches administratives relevant de la mise en œuvre de l&#8217;outil de financement européen, à compter de l&#8217;officialisation de la convention de financement jusqu&#8217;aux phases d&#8217;évaluation et audits  </div>
<div class="dpdj-offre-dateeffet"><strong>Date d&#8217;effet </strong>01/03/2023 </div>
<div class="dpdj-offre-typeposte"><strong>Type de poste </strong>Création </div>
<div class="dpdj-offre-nbposte"><strong>Nb de poste(s) à pourvoir </strong> 1 </div>
<div class="dpdj-offre-cond"><strong>Conditions </strong>Profil recherché :<br />
&#8211; Titulaire d&#8217;un BAC+5 dans les domaines des sciences politiques, coopération et développement et de gestion administrative<br />
&#8211; Expérience professionnelle demandée : gestion budgétaire
 </div>
<div class="dpdj-offre-rec"><strong>Recrutement </strong>URGENT </div>
<div class="dpdj-offre-link"><a href="https://www.sefi.pf/SefiWeb/SefiOffres.nsf/vOffreWeb/2A621782299FD9270A258965007ED178?OpenDocument">Pour en savoir plus, cliquer ici pour lire les détails sur le site du Service de l&#8217;Emploi</a></div>

<p>Source : Service de l&#8217;Emploi Code ROME K140411848 Ile TAHITI Définition du poste Recherche un(e) Coordinateur / Coordinatrice du pilotage de la politique de l&#8217;eau Le/La Chargé / Chargée de projet et de développement territorial met en place, anime et coordonne la politique de l&#8217;eau, gère les tâches administratives nécessaires à la mise en œuvre [&hellip;]</p>
