{"id":230,"date":"2022-11-19T09:07:00","date_gmt":"2022-11-19T19:07:00","guid":{"rendered":"https:\/\/foreveryoung.gov.pf\/?post_type=action&#038;p=230"},"modified":"2023-06-01T10:50:40","modified_gmt":"2023-06-01T20:50:40","slug":"te-tama-e-te-tura","status":"publish","type":"action","link":"https:\/\/foreveryoung.gov.pf\/en\/action\/te-tama-e-te-tura\/","title":{"rendered":"Te Tama e te Tura"},"content":{"rendered":"<!--themify_builder_content-->\n<div id=\"themify_builder_content-230\" data-postid=\"230\" class=\"themify_builder_content themify_builder_content-230 themify_builder tf_clear\">\n                    <div  data-lazy=\"1\" class=\"module_row themify_builder_row tb_y32n150 tb_first tf_w\">\n                        <div class=\"row_inner col_align_top tb_col_count_1 tf_box tf_rel\">\n                        <div  data-lazy=\"1\" class=\"module_column tb-column col-full tb_xwiq151 first\">\n                    <!-- module text -->\n<div  class=\"module module-text tb_okj8267   \" data-lazy=\"1\">\n        <div  class=\"tb_text_wrap\">\n        <p>Le Pr\u00e9sident Edouard Fritch et la ministre Isabelle Sachet ont assist\u00e9 au lancement officiel de l&#8217;\u00e9v\u00e9nement &#8220;Te Tama e Te Tura&#8221; organis\u00e9 \u00e0 Taravao dans la commune de Taiarapu, en pr\u00e9sence des \u00e9lus de la commune. Cet \u00e9v\u00e9nement, organis\u00e9 par la D\u00e9l\u00e9gation pour la pr\u00e9vention de la d\u00e9linquance de la jeunesse (DPDJ) en amont de la journ\u00e9e internationale des Droits de l&#8217;enfant, se concentre sur la sensibilisation \u00e0 la pr\u00e9vention et l&#8217;\u00e9ducation pour les \u00e9l\u00e8ves des \u00e9tablissements scolaires de Taiarapu, du Centre de jeunes adolescents (CJA), des Maisons familiales rurales (MFR) et de l&#8217;Institut d&#8217;insertion m\u00e9dico \u00e9ducatif (IIME).<\/p>\n<p>Au cours de ces jours, les \u00e9l\u00e8ves ont pu se renseigner sur des sujets tels que la famille, la sant\u00e9, le droit, l&#8217;environnement et l&#8217;\u00e9ducation, ainsi que l&#8217;expression de soi et le respect. Pour la premi\u00e8re journ\u00e9e, pr\u00e8s de 1000 \u00e9l\u00e8ves ont particip\u00e9 \u00e0 l&#8217;\u00e9v\u00e9nement. Le Pr\u00e9sident Edouard Fritch a parl\u00e9 \u00e9motionnellement sur l&#8217;importance de l&#8217;\u00e9ducation en Polyn\u00e9sie et a invit\u00e9 les enfants pr\u00e9sents \u00e0 d\u00e9clarer leur amour \u00e0 leurs parents autant que possible.<\/p>\n<p><strong>A lire :<\/strong><\/p>\n<p>\n<blockquote class=\"wp-embedded-content\" data-secret=\"Hd01VZCNvu\"><a href=\"https:\/\/www.presidence.pf\/1ere-edition-des-journees-preventives-te-tama-e-te-tura-de-la-delegation-pour-la-prevention-de-la-delinquance-de-la-jeunesse\/\">1\u00e8re \u00e9dition des journ\u00e9es pr\u00e9ventives \u00ab Te Tama e te Tura \u00bb de la DPDJ<\/a><\/blockquote><iframe loading=\"lazy\" class=\"wp-embedded-content\" sandbox=\"allow-scripts\" security=\"restricted\" style=\"position: absolute; clip: rect(1px, 1px, 1px, 1px);\" title=\"\u00ab\u00a01\u00e8re \u00e9dition des journ\u00e9es pr\u00e9ventives \u00ab Te Tama e te Tura \u00bb de la DPDJ\u00a0\u00bb &#8212; La Pr\u00e9sidence de la Polyn\u00e9sie fran\u00e7aise\" src=\"https:\/\/www.presidence.pf\/1ere-edition-des-journees-preventives-te-tama-e-te-tura-de-la-delegation-pour-la-prevention-de-la-delinquance-de-la-jeunesse\/embed\/#?secret=f9T78YoroZ#?secret=Hd01VZCNvu\" data-secret=\"Hd01VZCNvu\" width=\"600\" height=\"338\" frameborder=\"0\" marginwidth=\"0\" marginheight=\"0\" scrolling=\"no\"><\/iframe>\n<\/p>    <\/div>\n<\/div>\n<!-- \/module text -->        <\/div>\n                        <\/div>\n        <\/div>\n        <\/div>\n<!--\/themify_builder_content-->","protected":false},"excerpt":{"rendered":"<p>Le Pr\u00e9sident Edouard Fritch et la ministre Isabelle Sachet ont assist\u00e9 au lancement officiel de l&#8217;\u00e9v\u00e9nement &#8220;Te Tama e Te Tura&#8221; organis\u00e9 \u00e0 Taravao dans la commune de Taiarapu, en pr\u00e9sence des \u00e9lus de la commune. Cet \u00e9v\u00e9nement, organis\u00e9 par la D\u00e9l\u00e9gation pour la pr\u00e9vention de la d\u00e9linquance de la jeunesse (DPDJ) en amont de [&hellip;]<\/p>\n","protected":false},"author":1,"featured_media":1940,"parent":0,"menu_order":0,"template":"","categories":[28,77],"tags":[],"class_list":["post-230","action","type-action","status-publish","has-post-thumbnail","hentry","category-actions-les-projets","category-media-unes","has-post-title","has-post-date","has-post-category","has-post-tag","has-post-comment","has-post-author",""],"aioseo_notices":[],"ptb_metabox":[],"ptb_taxonomy":{"category":[{"term_id":28,"name":"Actions &gt;Les Projets","slug":"actions-les-projets","term_group":0,"term_taxonomy_id":28,"taxonomy":"category","description":"","parent":27,"count":7,"filter":"raw"},{"term_id":77,"name":"Media &gt; Unes","slug":"media-unes","term_group":0,"term_taxonomy_id":77,"taxonomy":"category","description":"","parent":41,"count":5,"filter":"raw"}]},"ptb_featured_image":{"url":"https:\/\/foreveryoung.gov.pf\/wp-content\/uploads\/2022\/10\/258185783_2652539118375817_5323943290890980568_n.jpeg","title":"258185783_2652539118375817_5323943290890980568_n","caption":""},"builder_content":"<p>Le Pr\u00e9sident Edouard Fritch et la ministre Isabelle Sachet ont assist\u00e9 au lancement officiel de l'\u00e9v\u00e9nement \"Te Tama e Te Tura\" organis\u00e9 \u00e0 Taravao dans la commune de Taiarapu, en pr\u00e9sence des \u00e9lus de la commune. Cet \u00e9v\u00e9nement, organis\u00e9 par la D\u00e9l\u00e9gation pour la pr\u00e9vention de la d\u00e9linquance de la jeunesse (DPDJ) en amont de la journ\u00e9e internationale des Droits de l'enfant, se concentre sur la sensibilisation \u00e0 la pr\u00e9vention et l'\u00e9ducation pour les \u00e9l\u00e8ves des \u00e9tablissements scolaires de Taiarapu, du Centre de jeunes adolescents (CJA), des Maisons familiales rurales (MFR) et de l'Institut d'insertion m\u00e9dico \u00e9ducatif (IIME).<\/p> <p>Au cours de ces jours, les \u00e9l\u00e8ves ont pu se renseigner sur des sujets tels que la famille, la sant\u00e9, le droit, l'environnement et l'\u00e9ducation, ainsi que l'expression de soi et le respect. Pour la premi\u00e8re journ\u00e9e, pr\u00e8s de 1000 \u00e9l\u00e8ves ont particip\u00e9 \u00e0 l'\u00e9v\u00e9nement. Le Pr\u00e9sident Edouard Fritch a parl\u00e9 \u00e9motionnellement sur l'importance de l'\u00e9ducation en Polyn\u00e9sie et a invit\u00e9 les enfants pr\u00e9sents \u00e0 d\u00e9clarer leur amour \u00e0 leurs parents autant que possible.<\/p> <p><strong>A lire :<\/strong><\/p> <p>https:\/\/www.presidence.pf\/1ere-edition-des-journees-preventives-te-tama-e-te-tura-de-la-delegation-pour-la-prevention-de-la-delinquance-de-la-jeunesse\/<\/p>","_links":{"self":[{"href":"https:\/\/foreveryoung.gov.pf\/en\/wp-json\/wp\/v2\/action\/230","targetHints":{"allow":["GET"]}}],"collection":[{"href":"https:\/\/foreveryoung.gov.pf\/en\/wp-json\/wp\/v2\/action"}],"about":[{"href":"https:\/\/foreveryoung.gov.pf\/en\/wp-json\/wp\/v2\/types\/action"}],"author":[{"embeddable":true,"href":"https:\/\/foreveryoung.gov.pf\/en\/wp-json\/wp\/v2\/users\/1"}],"version-history":[{"count":0,"href":"https:\/\/foreveryoung.gov.pf\/en\/wp-json\/wp\/v2\/action\/230\/revisions"}],"wp:featuredmedia":[{"embeddable":true,"href":"https:\/\/foreveryoung.gov.pf\/en\/wp-json\/wp\/v2\/media\/1940"}],"wp:attachment":[{"href":"https:\/\/foreveryoung.gov.pf\/en\/wp-json\/wp\/v2\/media?parent=230"}],"wp:term":[{"taxonomy":"category","embeddable":true,"href":"https:\/\/foreveryoung.gov.pf\/en\/wp-json\/wp\/v2\/categories?post=230"},{"taxonomy":"post_tag","embeddable":true,"href":"https:\/\/foreveryoung.gov.pf\/en\/wp-json\/wp\/v2\/tags?post=230"}],"curies":[{"name":"wp","href":"https:\/\/api.w.org\/{rel}","templated":true}]}}

<!--themify_builder_content-->
<div id="themify_builder_content-230" data-postid="230" class="themify_builder_content themify_builder_content-230 themify_builder tf_clear">
                    <div  data-lazy="1" class="module_row themify_builder_row tb_y32n150 tb_first tf_w">
                        <div class="row_inner col_align_top tb_col_count_1 tf_box tf_rel">
                        <div  data-lazy="1" class="module_column tb-column col-full tb_xwiq151 first">
                    <!-- module text -->
<div  class="module module-text tb_okj8267   " data-lazy="1">
        <div  class="tb_text_wrap">
        <p>Le Président Edouard Fritch et la ministre Isabelle Sachet ont assisté au lancement officiel de l&#8217;événement &#8220;Te Tama e Te Tura&#8221; organisé à Taravao dans la commune de Taiarapu, en présence des élus de la commune. Cet événement, organisé par la Délégation pour la prévention de la délinquance de la jeunesse (DPDJ) en amont de la journée internationale des Droits de l&#8217;enfant, se concentre sur la sensibilisation à la prévention et l&#8217;éducation pour les élèves des établissements scolaires de Taiarapu, du Centre de jeunes adolescents (CJA), des Maisons familiales rurales (MFR) et de l&#8217;Institut d&#8217;insertion médico éducatif (IIME).</p>
<p>Au cours de ces jours, les élèves ont pu se renseigner sur des sujets tels que la famille, la santé, le droit, l&#8217;environnement et l&#8217;éducation, ainsi que l&#8217;expression de soi et le respect. Pour la première journée, près de 1000 élèves ont participé à l&#8217;événement. Le Président Edouard Fritch a parlé émotionnellement sur l&#8217;importance de l&#8217;éducation en Polynésie et a invité les enfants présents à déclarer leur amour à leurs parents autant que possible.</p>
<p><strong>A lire :</strong></p>
<p>
<blockquote class="wp-embedded-content" data-secret="Hd01VZCNvu"><a href="https://www.presidence.pf/1ere-edition-des-journees-preventives-te-tama-e-te-tura-de-la-delegation-pour-la-prevention-de-la-delinquance-de-la-jeunesse/">1ère édition des journées préventives « Te Tama e te Tura » de la DPDJ</a></blockquote><iframe loading="lazy" class="wp-embedded-content" sandbox="allow-scripts" security="restricted" style="position: absolute; clip: rect(1px, 1px, 1px, 1px);" title="« 1ère édition des journées préventives « Te Tama e te Tura » de la DPDJ » &#8212; La Présidence de la Polynésie française" src="https://www.presidence.pf/1ere-edition-des-journees-preventives-te-tama-e-te-tura-de-la-delegation-pour-la-prevention-de-la-delinquance-de-la-jeunesse/embed/#?secret=f9T78YoroZ#?secret=Hd01VZCNvu" data-secret="Hd01VZCNvu" width="600" height="338" frameborder="0" marginwidth="0" marginheight="0" scrolling="no"></iframe>
</p>    </div>
</div>
<!-- /module text -->        </div>
                        </div>
        </div>
        </div>
<!--/themify_builder_content-->

<p>Le Président Edouard Fritch et la ministre Isabelle Sachet ont assisté au lancement officiel de l&#8217;événement &#8220;Te Tama e Te Tura&#8221; organisé à Taravao dans la commune de Taiarapu, en présence des élus de la commune. Cet événement, organisé par la Délégation pour la prévention de la délinquance de la jeunesse (DPDJ) en amont de [&hellip;]</p>

<p>Le Président Edouard Fritch et la ministre Isabelle Sachet ont assisté au lancement officiel de l'événement "Te Tama e Te Tura" organisé à Taravao dans la commune de Taiarapu, en présence des élus de la commune. Cet événement, organisé par la Délégation pour la prévention de la délinquance de la jeunesse (DPDJ) en amont de la journée internationale des Droits de l'enfant, se concentre sur la sensibilisation à la prévention et l'éducation pour les élèves des établissements scolaires de Taiarapu, du Centre de jeunes adolescents (CJA), des Maisons familiales rurales (MFR) et de l'Institut d'insertion médico éducatif (IIME).</p> <p>Au cours de ces jours, les élèves ont pu se renseigner sur des sujets tels que la famille, la santé, le droit, l'environnement et l'éducation, ainsi que l'expression de soi et le respect. Pour la première journée, près de 1000 élèves ont participé à l'événement. Le Président Edouard Fritch a parlé émotionnellement sur l'importance de l'éducation en Polynésie et a invité les enfants présents à déclarer leur amour à leurs parents autant que possible.</p> <p><strong>A lire :</strong></p> <p>https://www.presidence.pf/1ere-edition-des-journees-preventives-te-tama-e-te-tura-de-la-delegation-pour-la-prevention-de-la-delinquance-de-la-jeunesse/</p>
