{"id":226,"date":"2022-11-11T09:07:00","date_gmt":"2022-11-11T19:07:00","guid":{"rendered":"https:\/\/foreveryoung.gov.pf\/?post_type=action&#038;p=226"},"modified":"2023-06-01T11:55:37","modified_gmt":"2023-06-01T21:55:37","slug":"action-1","status":"publish","type":"action","link":"https:\/\/foreveryoung.gov.pf\/en\/action\/action-1\/","title":{"rendered":"Inauguration de la residence pour les jeunes travailleurs"},"content":{"rendered":"<!--themify_builder_content-->\n<div id=\"themify_builder_content-226\" data-postid=\"226\" class=\"themify_builder_content themify_builder_content-226 themify_builder tf_clear\">\n                    <div  data-lazy=\"1\" class=\"module_row themify_builder_row tb_3yok895 tb_first tf_w\">\n                        <div class=\"row_inner col_align_top tb_col_count_1 tf_box tf_rel\">\n                        <div  data-lazy=\"1\" class=\"module_column tb-column col-full tb_uf9z899 first\">\n                    <!-- module text -->\n<div  class=\"module module-text tb_e8tg54   \" data-lazy=\"1\">\n        <div  class=\"tb_text_wrap\">\n        <p>Le 9 novembre, l&#8217;inauguration de la r\u00e9novation de la R\u00e9sidence pour Jeunes Travailleurs (RJT) a eu lieu en pr\u00e9sence de tous les acteurs de la r\u00e9novation et de repr\u00e9sentants du gouvernement et des partenaires.<\/p>\n<p>En janvier 2022, la gestion de la RJT sera confi\u00e9e \u00e0 la Direction de la Protection de la Jeunesse (DPDJ). En partenariat avec le RSMA.Pf Arue, la DPDJ met en place la r\u00e9organisation de la RJT.<\/p>\n<p>Les travaux de r\u00e9am\u00e9nagement ext\u00e9rieur d\u00e9buteront en mars 2022. La RJT a pour objectif de proposer un h\u00e9bergement au tarif de 20 000 F par mois (hors charges) aux jeunes travailleurs \u00e2g\u00e9s de 18 \u00e0 30 ans, c\u00e9libataires et sans enfants, afin de favoriser leur insertion dans la soci\u00e9t\u00e9 en leur offrant un logement s\u00e9curis\u00e9 et proche de leur lieu de travail \u00e0 Pirae.<\/p>\n<p>Dans le cadre du festival Ono&#8217;u initi\u00e9 par Sarah Roopinia, la d\u00e9coration des murs a \u00e9t\u00e9 r\u00e9alis\u00e9e et un jardin partag\u00e9 par Fenua Bio (Alexis Yensi) a \u00e9t\u00e9 mise en place pour renforcer la coh\u00e9sion sociale des r\u00e9sidents de la Cit\u00e9 Grand.<\/p>\n<p>Nous souhaitons bonne chance \u00e0 tous les jeunes r\u00e9sidents de la Cit\u00e9 Grand et esp\u00e9rons que ce projet pourra servir de mod\u00e8le pour d&#8217;autres initiatives similaires.<\/p>    <\/div>\n<\/div>\n<!-- \/module text -->        <\/div>\n                        <\/div>\n        <\/div>\n        <\/div>\n<!--\/themify_builder_content-->","protected":false},"excerpt":{"rendered":"<p>Le 9 novembre, l&#8217;inauguration de la r\u00e9novation de la R\u00e9sidence pour Jeunes Travailleurs (RJT) a eu lieu en pr\u00e9sence de tous les acteurs de la r\u00e9novation et de repr\u00e9sentants du gouvernement et des partenaires. En janvier 2022, la gestion de la RJT sera confi\u00e9e \u00e0 la Direction de la Protection de la Jeunesse (DPDJ). En [&hellip;]<\/p>\n","protected":false},"author":1,"featured_media":1617,"parent":0,"menu_order":0,"template":"","categories":[28],"tags":[],"class_list":["post-226","action","type-action","status-publish","has-post-thumbnail","hentry","category-actions-les-projets","has-post-title","has-post-date","has-post-category","has-post-tag","has-post-comment","has-post-author",""],"aioseo_notices":[],"ptb_metabox":[],"ptb_taxonomy":{"category":[{"term_id":28,"name":"Actions &gt;Les Projets","slug":"actions-les-projets","term_group":0,"term_taxonomy_id":28,"taxonomy":"category","description":"","parent":27,"count":7,"filter":"raw"}]},"ptb_featured_image":{"url":"https:\/\/foreveryoung.gov.pf\/wp-content\/uploads\/2022\/10\/315189750_580642103866840_4675522325819701649_n.jpeg","title":"315189750_580642103866840_4675522325819701649_n","caption":""},"builder_content":"<p>Le 9 novembre, l'inauguration de la r\u00e9novation de la R\u00e9sidence pour Jeunes Travailleurs (RJT) a eu lieu en pr\u00e9sence de tous les acteurs de la r\u00e9novation et de repr\u00e9sentants du gouvernement et des partenaires.<\/p> <p>En janvier 2022, la gestion de la RJT sera confi\u00e9e \u00e0 la Direction de la Protection de la Jeunesse (DPDJ). En partenariat avec le RSMA.Pf Arue, la DPDJ met en place la r\u00e9organisation de la RJT.<\/p> <p>Les travaux de r\u00e9am\u00e9nagement ext\u00e9rieur d\u00e9buteront en mars 2022. La RJT a pour objectif de proposer un h\u00e9bergement au tarif de 20 000 F par mois (hors charges) aux jeunes travailleurs \u00e2g\u00e9s de 18 \u00e0 30 ans, c\u00e9libataires et sans enfants, afin de favoriser leur insertion dans la soci\u00e9t\u00e9 en leur offrant un logement s\u00e9curis\u00e9 et proche de leur lieu de travail \u00e0 Pirae.<\/p> <p>Dans le cadre du festival Ono'u initi\u00e9 par Sarah Roopinia, la d\u00e9coration des murs a \u00e9t\u00e9 r\u00e9alis\u00e9e et un jardin partag\u00e9 par Fenua Bio (Alexis Yensi) a \u00e9t\u00e9 mise en place pour renforcer la coh\u00e9sion sociale des r\u00e9sidents de la Cit\u00e9 Grand.<\/p> <p>Nous souhaitons bonne chance \u00e0 tous les jeunes r\u00e9sidents de la Cit\u00e9 Grand et esp\u00e9rons que ce projet pourra servir de mod\u00e8le pour d'autres initiatives similaires.<\/p>","_links":{"self":[{"href":"https:\/\/foreveryoung.gov.pf\/en\/wp-json\/wp\/v2\/action\/226","targetHints":{"allow":["GET"]}}],"collection":[{"href":"https:\/\/foreveryoung.gov.pf\/en\/wp-json\/wp\/v2\/action"}],"about":[{"href":"https:\/\/foreveryoung.gov.pf\/en\/wp-json\/wp\/v2\/types\/action"}],"author":[{"embeddable":true,"href":"https:\/\/foreveryoung.gov.pf\/en\/wp-json\/wp\/v2\/users\/1"}],"version-history":[{"count":0,"href":"https:\/\/foreveryoung.gov.pf\/en\/wp-json\/wp\/v2\/action\/226\/revisions"}],"wp:featuredmedia":[{"embeddable":true,"href":"https:\/\/foreveryoung.gov.pf\/en\/wp-json\/wp\/v2\/media\/1617"}],"wp:attachment":[{"href":"https:\/\/foreveryoung.gov.pf\/en\/wp-json\/wp\/v2\/media?parent=226"}],"wp:term":[{"taxonomy":"category","embeddable":true,"href":"https:\/\/foreveryoung.gov.pf\/en\/wp-json\/wp\/v2\/categories?post=226"},{"taxonomy":"post_tag","embeddable":true,"href":"https:\/\/foreveryoung.gov.pf\/en\/wp-json\/wp\/v2\/tags?post=226"}],"curies":[{"name":"wp","href":"https:\/\/api.w.org\/{rel}","templated":true}]}}

<!--themify_builder_content-->
<div id="themify_builder_content-226" data-postid="226" class="themify_builder_content themify_builder_content-226 themify_builder tf_clear">
                    <div  data-lazy="1" class="module_row themify_builder_row tb_3yok895 tb_first tf_w">
                        <div class="row_inner col_align_top tb_col_count_1 tf_box tf_rel">
                        <div  data-lazy="1" class="module_column tb-column col-full tb_uf9z899 first">
                    <!-- module text -->
<div  class="module module-text tb_e8tg54   " data-lazy="1">
        <div  class="tb_text_wrap">
        <p>Le 9 novembre, l&#8217;inauguration de la rénovation de la Résidence pour Jeunes Travailleurs (RJT) a eu lieu en présence de tous les acteurs de la rénovation et de représentants du gouvernement et des partenaires.</p>
<p>En janvier 2022, la gestion de la RJT sera confiée à la Direction de la Protection de la Jeunesse (DPDJ). En partenariat avec le RSMA.Pf Arue, la DPDJ met en place la réorganisation de la RJT.</p>
<p>Les travaux de réaménagement extérieur débuteront en mars 2022. La RJT a pour objectif de proposer un hébergement au tarif de 20 000 F par mois (hors charges) aux jeunes travailleurs âgés de 18 à 30 ans, célibataires et sans enfants, afin de favoriser leur insertion dans la société en leur offrant un logement sécurisé et proche de leur lieu de travail à Pirae.</p>
<p>Dans le cadre du festival Ono&#8217;u initié par Sarah Roopinia, la décoration des murs a été réalisée et un jardin partagé par Fenua Bio (Alexis Yensi) a été mise en place pour renforcer la cohésion sociale des résidents de la Cité Grand.</p>
<p>Nous souhaitons bonne chance à tous les jeunes résidents de la Cité Grand et espérons que ce projet pourra servir de modèle pour d&#8217;autres initiatives similaires.</p>    </div>
</div>
<!-- /module text -->        </div>
                        </div>
        </div>
        </div>
<!--/themify_builder_content-->

<p>Le 9 novembre, l&#8217;inauguration de la rénovation de la Résidence pour Jeunes Travailleurs (RJT) a eu lieu en présence de tous les acteurs de la rénovation et de représentants du gouvernement et des partenaires. En janvier 2022, la gestion de la RJT sera confiée à la Direction de la Protection de la Jeunesse (DPDJ). En [&hellip;]</p>

<p>Le 9 novembre, l'inauguration de la rénovation de la Résidence pour Jeunes Travailleurs (RJT) a eu lieu en présence de tous les acteurs de la rénovation et de représentants du gouvernement et des partenaires.</p> <p>En janvier 2022, la gestion de la RJT sera confiée à la Direction de la Protection de la Jeunesse (DPDJ). En partenariat avec le RSMA.Pf Arue, la DPDJ met en place la réorganisation de la RJT.</p> <p>Les travaux de réaménagement extérieur débuteront en mars 2022. La RJT a pour objectif de proposer un hébergement au tarif de 20 000 F par mois (hors charges) aux jeunes travailleurs âgés de 18 à 30 ans, célibataires et sans enfants, afin de favoriser leur insertion dans la société en leur offrant un logement sécurisé et proche de leur lieu de travail à Pirae.</p> <p>Dans le cadre du festival Ono'u initié par Sarah Roopinia, la décoration des murs a été réalisée et un jardin partagé par Fenua Bio (Alexis Yensi) a été mise en place pour renforcer la cohésion sociale des résidents de la Cité Grand.</p> <p>Nous souhaitons bonne chance à tous les jeunes résidents de la Cité Grand et espérons que ce projet pourra servir de modèle pour d'autres initiatives similaires.</p>
